 is 5959 + 0?
5959
In base 13, what is 51 - -5?
56
In base 14, what is 2 - -225c?
2260
In base 16, what is -489 + 1?
-488
In base 4, what is -121 + -13?
-200
In base 7, what is -1124 - 2?
-1126
In base 12, what is -a05 - -1?
-a04
In base 5, what is 3 + -10131?
-10123
In base 13, what is 230 - -4?
234
In base 4, what is 10010 - -1?
10011
In base 16, what is -e + 12?
4
In base 15, what is -1697 - -2?
-1695
In base 15, what is 2a + -7?
23
In base 7, what is -25 - 3222?
-3250
In base 3, what is 101020 + -10?
101010
In base 2, what is -101 - 1100111010?
-1100111111
In base 13, what is -11 - -1030?
101c
In base 10, what is -5713 + 0?
-5713
In base 9, what is -4 - -1?
-3
In base 11, what is 2 - -3a?
41
In base 9, what is 3140 - -3?
3143
In base 4, what is 13 + 110?
123
In base 3, what is -2010 + 2?
-2001
In base 8, what is 1 - 230?
-227
In base 10, what is -82 - 4?
-86
In base 6, what is -5 + 511?
502
In base 4, what is 12230111 - 3?
12230102
In base 14, what is 2 + -dd?
-db
In base 7, what is -3 - -262?
256
In base 3, what is -10212020 - -1?
-10212012
In base 12, what is -a + -265?
-273
In base 9, what is -37113 + 5?
-37107
In base 12, what is 444 + -9?
437
In base 3, what is 222 + -101?
121
In base 6, what is 31 + -15?
12
In base 4, what is -3 - -112?
103
In base 14, what is -37 + 5?
-32
In base 6, what is -521 - 31?
-552
In base 2, what is -10001 - 110000?
-1000001
In base 5, what is -21111 + -1?
-21112
In base 11, what is -a + -2a?
-39
In base 11, what is -55 - -5?
-50
In base 5, what is 332 - 14?
313
In base 16, what is -8a - 8d?
-117
In base 15, what is -100c - 2?
-100e
In base 10, what is -2 + -256?
-258
In base 9, what is 17233 - -3?
17236
In base 16, what is 6e3 - -5?
6e8
In base 13, what is -59 - 33?
-8c
In base 11, what is -11 - -28?
17
In base 9, what is 5 + 11774?
11780
In base 6, what is 22 + -4?
14
In base 15, what is 0 + a12?
a12
In base 12, what is 498 + -8?
490
In base 4, what is 11 + -101132?
-101121
In base 8, what is 1 - 1073?
-1072
In base 15, what is b + -8a?
-7e
In base 9, what is 0 + 120?
120
In base 9, what is 0 + 2672?
2672
In base 11, what is -10 - 34?
-44
In base 7, what is 321 + -1?
320
In base 15, what is 0 + -2c?
-2c
In base 12, what is 35 - -3a?
73
In base 6, what is 12 - 13?
-1
In base 8, what is -46 - 2?
-50
In base 3, what is -11 - -11020?
11002
In base 14, what is 28 + -5?
23
In base 14, what is -3 - 8?
-b
In base 3, what is 10021 - -212?
11010
In base 7, what is -502 - 1?
-503
In base 16, what is b - -63?
6e
In base 5, what is -1 - -144?
143
In base 4, what is 13103 + 11?
13120
In base 8, what is 5 - -7435?
7442
In base 12, what is 53 - 4?
4b
In base 14, what is 7 - 6d6?
-6cd
In base 8, what is 22 - 3?
17
In base 5, what is 1 - -30?
31
In base 4, what is -110 + 100132?
100022
In base 14, what is 0 + -5?
-5
In base 9, what is -1036 + -4?
-1041
In base 15, what is -1e2 - -3?
-1de
In base 11, what is 18aa + 1?
1900
In base 5, what is 4 + -24220?
-24211
In base 9, what is 5 - 687?
-682
In base 14, what is -3 - -1b4?
1b1
In base 15, what is eb + 0?
eb
In base 16, what is f6 - -1?
f7
In base 12, what is -3a8 + -1?
-3a9
In base 12, what is -3 - 23?
-26
In base 11, what is 1621 + 2?
1623
In base 5, what is 2 + -210?
-203
In base 10, what is 1 + -938?
-937
In base 8, what is 150 - 0?
150
In base 13, what is -1 - 232?
-233
In base 5, what is 110300 + -1?
110244
In base 9, what is -67 - 0?
-67
In base 5, what is 1042 - -3?
1100
In base 14, what is a + -2?
8
In base 8, what is -11 - -516?
505
In base 16, what is -612 - -4?
-60e
In base 2, what is 101 + -100010?
-11101
In base 10, what is 5 - -1870?
1875
In base 4, what is -13300 + 3?
-13231
In base 3, what is -21000 - 1?
-21001
In base 13, what is 8bb + 2?
8c0
In base 15, what is 46 + -19?
2c
In base 5, what is -144 + 2231?
2032
In base 11, what is -58 - -110?
63
In base 13, what is -47 - -27?
-20
In base 2, what is 1001010011000 - -11?
1001010011011
In base 2, what is 101001000100 + -10?
101001000010
In base 15, what is 1 - 30?
-2e
In base 14, what is 201 + -9?
1d6
In base 15, what is -907 - -2?
-905
In base 3, what is -20022 - 2?
-20101
In base 12, what is 58 - 9?
4b
In base 5, what is -132042 - -3?
-132034
In base 2, what is -110111 - 10?
-111001
In base 8, what is -4 - 15?
-21
In base 14, what is 195 - -1?
196
In base 16, what is -8 - c4?
-cc
In base 6, what is 21320 - 2?
21314
In base 14, what is 3 + 71?
74
In base 6, what is -2042 + -3?
-2045
In base 11, what is 0 - -43?
43
In base 16, what is 4 + -d6?
-d2
In base 11, what is 234 - -5?
239
In base 5, what is -12 - -244?
232
In base 7, what is 4 + -14204?
-14200
In base 12, what is -3 + -34?
-37
In base 8, what is -2 - 3664?
-3666
In base 11, what is -1 + -35?
-36
In base 4, what is 10333 + 11?
11010
In base 12, what is 3 + 2a?
31
In base 14, what is -79b + 1?
-79a
In base 3, what is 11 + 2100?
2111
In base 6, what is -42 + -104?
-150
In base 3, what is 2122 + 10012?
12211
In base 12, what is 1 - 6a?
-69
In base 15, what is -2b - 3b?
-67
In base 10, what is -6 + 1270?
1264
In base 7, what is 5 + -1002?
-664
In base 3, what is -110 - -2012?
1202
In base 6, what is -1 - -1105?
1104
In base 9, what is 18 - 62?
-43
In base 2, what is 100010000111 - -100?
100010001011
In base 14, what is 112 + d?
121
In base 13, what is -2 - 264?
-266
In base 2, what is -1000100 - 101001?
-1101101
In base 16, what is 54 - 22?
32
In base 12, what is 0 - 47?
-47
In base 8, what is 3 + 1002?
1005
In base 5, what is 1124 + -21?
1103
In base 5, what is -23344 - -1?
-23343
In base 2, what is 100 - -1000111011101?
1000111100001
In base 10, what is 16 + -348?
-332
In base 9, what is 686 + 2?
688
In base 7, what is -546 + 2?
-544
In base 2, what is -1010 + 1?
-1001
In base 10, what is 11168 + -4?
11164
In base 3, what is -2102111 + 1?
-2102110
In base 10, what is 82 - 0?
82
In base 2, what is 101001111 + -101?
101001010
In base 8, what is -763 - 0?
-763
In base 10, what is -17 + 21?
4
In base 11, what is -1347 + -7?
-1353
In base 11, what is 5 + 831?
836
In base 10, what is 19 - 63?
-44
In base 8, what is -2 - 212?
-214
In base 13, what is -3c + -1?
-40
In base 10, what is -169 - 1?
-170
In base 14, what is 50 - 0?
50
In base 15, what is 16 + 1?
17
In base 9, what is -3 - 5?
-8
In base 15, what is 50 + -5?
4a
In base 12, what is -1131 + 4?
-1129
In base 3, what is 2 - -121220?
121222
In base 3, what is 2012 - -1102?
10121
In base 12, what is 8 - 10?
-4
In base 3, what is -10 - 112220?
-120000
In base 6, what is 1 + 215?
220
In base 2, what is -1 + 11010?
11001
In base 13, what is -3c8b - -4?
-3c87
In base 4, what is 11221 + -20?
11201
In base 13, what is -141c + -5?
-1424
In base 8, what is -1003 + -3?
-1006
In base 8, what is -3 - 46?
-51
In base 5, what is 1 + -2004?
-2003
In base 11, what is -5 - -931?
927
In base 8, what is 71 - -10?
101
In base 11, what is 23 + -5?
19
In base 2, what is 11 + 110100?
110111
In base 7, what is 4425 - 1?
4424
In base 12, what is 6 - 51a?
-514
In base 8, what is -1454 - 2?
-1456
In base 15, what is 3 - 54?
-51
In base 3, what is 20000 - 12?
12211
In base 11, what is -4 + 12?
9
In base 4, what is 22 - -322?
1010
In base 3, what is 210 - 102?
101
In base 5, what is 3 - 31140?
-31132
In base 14, what is 5 - -70?
75
In base 9, what is -15880 + 2?
-15877
In base 12, what is 202 - 8?
1b6
In base 11, what is a + 77?
86
In base 9, what is -15 + -186?
-212
In base 11, what is -12 + -38?
-4a
In base 4, what is -1000 - -330?
-10
In base 10, what is -49 + 152?
103
In base 5, what is 0 - 10311?
-10311
In base 14, what is -b - 1111?
-111c
In base 14, what is 0 - -5?
5
In base 13, what is 5 - 2a?
-25
In base 2, what is -111 - -1111?
1000
In base 9, what is -2 - 1423?
-1425
In base 5, what is 1413 + 0?
1413
In base 15, what is -1d + 58?
3a
In base 3, what is 11122201 + 11?
11122212
In base 5, what is -14 - -23?
4
In base 8, what is -1 - 61?
-62
In base 5, what is 43 + 10?
103
In base 5, what is 44030 - 2?
44023
In base 7, what is -3 - -41?
35
In base 14, what is 6d87 + 1?
6d88
In base 7, what is 253 + -101?
152
In base 13, what is 3 - -6b?
71
In base 2, what is -111 - 10011011010?
-10011100001
In base 9, what is 5 + 31?
36
In base 6, what is -3 + 104?
101
In base 15, what is 0 + b0?
b0
In base 12, what is -4 + 560?
558
In base